ppose 5*y + 146 = -3*k + 7*k, k = r*y + 44. What are the prime factors of k?
2, 17
Let k(f) = f**2 - 5 - 10 - 2 + 2. List the prime factors of k(-8).
7
Suppose -5*v + 2270 = 9*a - 6*a, 0 = 5*v + 2*a - 2265. List the prime factors of v.
11, 41
Let a(n) be the second derivative of -n**4/12 + 7*n**3/3 - 5*n**2 - n. What are the prime factors of a(11)?
23
Let i(r) = r**2 - 21*r + 52. Let z be i(17). List the prime factors of (-444)/(-14)*(z + 23).
2, 3, 37
Let u(j) be the second derivative of -10*j - 2*j**2 + 1/3*j**3 + 0 + 1/2*j**4. What are the prime factors of u(2)?
2, 3
Let h = -315 + 1350. What are the prime factors of h?
3, 5, 23
Suppose -2236 = -11*a + 1328. List the prime factors of a.
2, 3
Let d(o) = 2*o**2 - 13*o - 3. Let t be d(10). Let b be (-6 + 4)*(-17)/(-2). Let s = t + b. List the prime factors of s.
2, 5
Suppose 0*v - 5*v - 120 = -c, -c = 2*v + 55. Let y = 19 - v. What are the prime factors of y?
2, 11
Let i(u) = u**3 - 1. Let x be i(1). Let d be (1*-6)/((-2)/1). Suppose d*c - c - 70 = x. What are the prime factors of c?
5, 7
Suppose -5*f + h = -100, 2*f - 46 = -5*h - 6. Let o be -2 - ((-35)/(-14))/(1/(-2)). Let q = o + f. What are the prime factors of q?
23
Let q(w) = 2*w**3 - 3*w**2 - 7*w + 5. Let m be q(5). Let v = -75 + m. Suppose -l + v = l. What are the prime factors of l?
5, 7
Let s be (-74)/(-14) - (-4)/(-14). Suppose -5*n - 13 = -4*g - 79, 2*n - 40 = s*g. Suppose 4*x + n - 54 = 0. What are the prime factors of x?
11
Suppose 0 = -3*n - 3*g + g + 24515, -2*g = -3*n + 24511. Suppose n + 5429 = -2*x. What are the prime factors of x/(-110) + 2/11?
2, 31
Suppose -65*z + 74*z = 45486. What are the prime factors of z?
2, 7, 19
Let s be ((-162)/(-30) + -6)*15. Let v = -35 - -75. Let g = s + v. What are the prime factors of g?
31
What are the prime factors of 3/24*346*(27 - 23)?
173
Let b = 888 - 646. What are the prime factors of b?
2, 11
Let j be 7 + 57 - (3 + -2). Suppose -j = -3*g - 4*g. List the prime factors of (-26)/117 + 434/g.
2, 3
Suppose -51104 = -30*f - 17024. What are the prime factors of f?
2, 71
Let a be (-1580)/15*(-6)/4. Suppose 0 = 5*t + 2*k - 284, 40 - a = -2*t - 3*k. What are the prime factors of t?
2, 7
Let q = 8 - 8. Suppose q = -5*l - 66 - 34. List the prime factors of l/120 + (-206)/(-12).
17
Suppose -3*m - 73 = -4*a, -5*m + 50 = 2*a + 7. What are the prime factors of a?
19
Let y = 188 - 83. Suppose -3*g + 3*v + 309 = 8*v, v - y = -g. What are the prime factors of g?
2, 3
Let i(g) = -g**2 - 6*g - 5. Let m be i(-4). Suppose m*w + 72 = -3*w. What are the prime factors of 3*8/w - -29?
3
Suppose -3*w - 2*l + 2 = -16, 4*w - 28 = -4*l. Suppose -w*g + 5*g = 67. Let f = g + -27. What are the prime factors of f?
2, 5
Suppose 3*u + 12 = 0, -137*d + 141*d + 3*u = 5084. What are the prime factors of d?
2, 7, 13
Suppose 0 = 5*h + 2*z + 955, -587 = -0*h + 3*h + 4*z. List the prime factors of (h/(-14))/((-3)/(-4)).
2, 3
Suppose 0 = 2*d + 2*d. Suppose d = 3*l - 8*l + 25. Suppose -l*b = -2*u - 98, -3*b + u + 59 = -0*u. List the prime factors of b.
2, 5
Let w(y) = y**3 + 4*y**2 + 5*y + 4. Let u be w(-2). Suppose -u*x = x + 3*l - 366, 0 = -4*x - 2*l + 494. What are the prime factors of x?
5
Let n(a) = -a**2 + 8*a + 9. Let f be n(7). Suppose -5*c + f = -c. Suppose -4*y + 128 = -c*m, -218 = -4*y - m - 70. What are the prime factors of y?
2, 3
What are the prime factors of (-18 - -16)*-4*494?
2, 13, 19
Let j(v) = 3*v**2 - 6. Let z = -79 + 88. What are the prime factors of j(z)?
3, 79
List the prime factors of 2/(-6) + (-1252)/(-3).
3, 139
Let i be -1*5/(15/(-27)). Let f be 0*(-2 + i/4). Suppose 2*j + 0*j - 14 = f. List the prime factors of j.
7
Let j(o) be the third derivative of 13*o**5/12 - 7*o**4/24 - 17*o**3/6 + 2*o**2. List the prime factors of j(-2).
257
Let h(d) be the third derivative of 0 + 3/2*d**3 - 1/60*d**5 + 0*d + 9*d**2 + 7/24*d**4. List the prime factors of h(6).
3, 5
Let m(s) = 7*s - 43 - 6*s + 0*s + 5 + s**2. List the prime factors of m(-14).
2, 3
Let j = 174 + -115. Suppose -3*p + 195 = -3*g, -p + 3*g + j = 4*g. List the prime factors of p.
2, 31
Let x be 7*16 - 20/(-10). Let z be x/22 - (-24)/(-132). Suppose 22 = z*w - 13. List the prime factors of w.
7
Suppose -5*k + 5*q + 45 - 130 = 0, q + 1 = 0. Let b = -19 - k. List the prime factors of (18/2)/(-3)*b.
3
Let w(h) = -h**3 + 4*h**2 + 6*h + 4. Let b be w(4). List the prime factors of 8/(-14) + 492/b.
17
Let c(q) = q + 60. What are the prime factors of c(6)?
2, 3, 11
Let i = 5430 + -3621. What are the prime factors of i?
3, 67
Suppose -r = -2*r + 1, 341 = 3*b + 2*r. Let j = b + -27. What are the prime factors of j?
2, 43
Let x(g) = g**2 - 2*g - 3. Let c be x(-2). Suppose -3*m = c - 11. Suppose -m = b - 29. List the prime factors of b.
3
Let h = 4954 + -2756. List the prime factors of h.
2, 7, 157
Let a = -154 + 633. What are the prime factors of a?
479
Let j(i) = 99*i + 0*i**2 + 5*i**2 + 12 - 96*i. List the prime factors of j(-5).
2, 61
What are the prime factors of (-4)/18 - ((-5330)/9 - 3)?
5, 7, 17
What are the prime factors of -76 + 70 - (-1)/((-1)/(-314))?
2, 7, 11
Suppose -3*y + 5*m + 50 = -0*m, y + 4*m = -6. Suppose 2*s - 10 = 5*k, 2*s - y = -5*k + k. Suppose 3*z + k*z - 126 = 0. What are the prime factors of z?
2, 3, 7
Let l(d) = -d**2 + d + 4. Let u be l(3). Let x be ((-6)/(-4) - 3)*u. Suppose -p - 52 = -x*p. What are the prime factors of p?
2, 13
Suppose 0 = v + 228 + 24. Suppose 67*o - 48 = 79*o. What are the prime factors of (o + 2)/(6/v)?
2, 3, 7
Suppose -w - 2805 = -r, r + 41*w - 2811 = 45*w. What are the prime factors of r?
2803
Let w(o) be the third derivative of 0*o - 1/12*o**5 - 7/24*o**4 - 5*o**2 + 0 + 4/3*o**3 + 1/120*o**6. What are the prime factors of w(6)?
2
Suppose g - 2*b = 1636, -2*b = -4*g + 6552 + 16. List the prime factors of g.
2, 3, 137
Suppose 4*o = 4*t - 804, 2*o = -5*t + 4*o + 1014. What are the prime factors of t?
2, 3, 17
Let v(g) = g**3 + 7*g**2 - 12*g - 6. Let t be v(-8). Suppose 97 = 5*d + 4*o, -3*d - 5*o + t + 27 = 0. List the prime factors of d.
3, 7
Suppose 0*g + g - 892 = -2*c, -4*g + 892 = 2*c. List the prime factors of c.
2, 223
Let a = 190 + -104. Let q = 17 + a. What are the prime factors of q?
103
Let d(f) be the first derivative of 5*f + 6 + 1/2*f**2. List the prime factors of d(5).
2, 5
Suppose -s - 3*s = 0. Let k = -1078 - -1183. What are the prime factors of k/5 - s/1?
3, 7
Suppose -3*a + 3683 = v, 7*v - 4*a - 14812 = 3*v. List the prime factors of v.
2, 43
Let d = -273 + 285. Let w = -3 - -4. Let x = d + w. What are the prime factors of x?
13
Let q(w) be the third derivative of w**5/60 + 3*w**4/8 + 7*w**3/3 - 9*w**2. List the prime factors of q(-14).
2, 3, 7
Suppose -47 = 5*i - 7. Suppose -48 = -8*l + 5*l. Let z = i + l. What are the prime factors of z?
2
Let y(h) = -h**2 - 5*h - 2. Let f be y(-4). Suppose 2*b - 3*l - 482 = -5*l, -f*l + 4 = 0. What are the prime factors of b?
239
Let s(f) = -f**3 + 13*f**2 + 4*f - 5. Let y = 40 - 27. List the prime factors of s(y).
47
Let h = 34 + -33. Let t(p) = 195*p + 8. List the prime factors of t(h).
7, 29
Suppose -808 = 3*q - 2905. List the prime factors of q.
3, 233
Suppose -19 = m + 77. Let u = 163 + m. List the prime factors of u.
67
Let c be 5426/(-10) + (-15)/(-25). Let s = -237 - c. List the prime factors of s.
5, 61
Let b = -31 + 34. Suppose -2*t = -5*f - 81, 5*f + 160 = b*t + 31. What are the prime factors of t?
2, 3
Let x be 8/(-12) + 22/6. Suppose -b - 7 = 13. What are the prime factors of 1*b*x/(-6)?
2, 5
Let x(o) = -2*o**3 - 2. Let r be x(-3). Let a be 1/(-4) - 195/r. Let u(l) = l**3 + 5*l**2 - 5*l - 5. What are the prime factors of u(a)?
31
Let y be 22/8 - 3/(-12). Suppose 24 = d + y*d. Suppose t + 186 = d*t + 2*o, o - 112 = -3*t. What are the prime factors of t?
2, 19
Let l = 61 - 57. Let c(z) = 4*z - 5. List the prime factors of c(l).
11
Let t = 685 - 658. List the prime factors of t.
3
Suppose 2*w - 292 = 5*z - 29, -w + 124 = -4*z. What are the prime factors of w?
2, 3
Let b(o) = -o**3 + 24*o**2 - 33*o + 27. List the prime factors of b(13).
31, 47
Let b(v) = -v**2 - 7*v + 12. Let d be b(-9). Suppose 7 + 1 = q. Let n = d + q. What are the prime factors of n?
2
Let w(b) = 6*b - 12. Let t be w(-9). Let c = -1 + 98. Let m = c + t. List the prime factors